 56. Is m(r) a composite number?
True
Let j(f) = 2*f**2 + 9*f + 6. Let n be j(-7). Suppose 0 = -4*h + q + n, 5*h + 0*h + 4*q - 46 = 0. Suppose h*o - 1465 = 5*o. Is o prime?
True
Let h = -105 + 109. Suppose -q = -h*q + 423. Is q composite?
True
Let q(n) = 2630*n - 5. Is q(2) a composite number?
True
Let i = -1021 + 3762. Is i a prime number?
True
Is (3 - 0)*(-47130)/(-90) a prime number?
True
Let g(k) = 6*k - 20. Let p be g(7). Suppose -23*z + 577 = -p*z. Is z prime?
True
Let l = 27 + -25. Suppose -n + l*r = -181, n - 262 + 76 = r. Is n composite?
False
Let u = -9 + 13. Let w be 2716/u + (-3)/3. Suppose 5*d + 243 = w. Is d composite?
True
Let h(a) be the third derivative of 31/60*a**5 + 1/6*a**3 + 0 + 0*a - 1/24*a**4 + 3*a**2. Is h(-2) a prime number?
True
Let u be (0/(-1))/(2/(-1)). Let o be 656/123*(-291)/(-2). Suppose u = -4*f + o + 540. Is f a composite number?
True
Let n(w) = -8*w**3 - w**2 - 3*w - 3. Let x be n(3). Let c = -76 - x. Is c a composite number?
True
Suppose 0 = 3*m + 2*f - 38011, -6*f + 10*f = -2*m + 25354. Is m composite?
True
Let j = 7051 - -12136. Is j composite?
True
Let t(p) = -p**2 - 13*p - 5. Let n(i) = 2*i**2 + 7*i - 9. Let x(f) = -5*f**2 - 13*f + 18. Let m(v) = -7*n(v) - 3*x(v). Let k be m(8). Is t(k) prime?
True
Suppose 2*u + 3*t = -6374, -2*u - 3*t + t - 6372 = 0. Is 1/(-3) + u/(-12) composite?
True
Suppose u + 896 = 191. Is 4 - (2 - 0) - u a composite number?
True
Let x = 957 + 2430. Is x a prime number?
False
Is 587065/35 + (-2)/7 prime?
False
Let v(b) = -b**2 + 16*b - 51. Let t be v(12). Is (0 + 0 + -1167)/t a composite number?
False
Let h = 18 - 12. Suppose -u + h*u = 110. Is u prime?
False
Let l(m) = -m**2 - 7*m + 3. Let q be l(-7). Suppose -u = q*u - 1228. Is u a prime number?
True
Suppose -6*g = 43022 + 23992. Is 6/15 - g/15 a prime number?
False
Let q be (-6948)/(-1)*1/2. Suppose -5*k - 709 + q = 0. Is k prime?
False
Let l be (0 - 3)*(-6)/18. Let h(u) = -20*u**3 - u**2 + 1. Let o be h(l). Let c = o + 79. Is c a prime number?
True
Let z be (4 - 1312/(-1)) + -2. Let d = z - 203. Is d a composite number?
True
Let v = 766 - 347. Is v composite?
False
Let d(n) = 509*n - 21. Let c be d(2). Suppose 4*l - 4048 = -0*l + 4*b, -l - 4*b + c = 0. Is l a prime number?
True
Suppose -5*o + 3*d = -920, 2*o - 4*d + d = 359. Suppose 0 = -5*f + o + 3768. Is f a prime number?
False
Let x(s) = -s**2 + 4*s + 2. Let w = 72 - 68. Is x(w) composite?
False
Suppose -2*z = z - 2859. Is z a composite number?
False
Let g = -3116 + 2079. Let q = g + 1714. Is q a composite number?
False
Let v(d) = 2801*d**2 - 9*d - 17. Is v(-3) a prime number?
True
Suppose 0 = -3*t - 9*t + 108. Let m(i) = 7*i**2 - 10*i + 2. Is m(t) prime?
True
Suppose -107 = -2*a + 11*z - 14*z, 5*a = 3*z + 278. Is a a prime number?
False
Suppose -4*r - 48 - 32 = 0. Let p = r - -10. Is ((-4)/(-10))/(p/(-550)) composite?
True
Suppose -4*u = 2*p - 3964, 4*u + 0*u = -3*p + 5954. Let s = -1273 + p. Is s a prime number?
False
Suppose 5*r = 4*r - 22. Is (258/(-4))/(11/r) a prime number?
False
Suppose -9*n + 32 - 5 = 0. Suppose 5*z - 2453 = -4*b, 5*z - 995 = 3*z + n*b. Is z a composite number?
True
Let p be ((-2)/(-8))/((-1)/(-12)). Let v be -2 - (-1)/1*p. Is (1/(-2) + v)*406 a prime number?
False
Let l be 3 + -2 + 2 + 2. Suppose 0 = -g - 2*g - 3*x + 30, g + l*x + 10 = 0. Suppose -a - 5*p + 70 - g = 0, -2*a + 86 = 4*p. Is a a composite number?
True
Suppose -5218 + 15750 = 4*q. Is q composite?
False
Let p(k) = 10 + 202*k + 16 + 17 + 116*k. Is p(16) a prime number?
False
Let o = -10780 - -16881. Is o composite?
False
Let l = 0 + 12. Suppose 5*d - l = d. Is (-3)/(d + -6) + 33 a prime number?
False
Let h be (12/8)/(1/4*3). Suppose -1808 = -2*d - h*d - 4*a, 5*d - 2263 = -2*a. Is d prime?
False
Suppose l = -3*m + 4127, 3*l - m - 12394 = 3*m. Let k = -2316 + l. Is k a prime number?
False
Let s be -163 - (3 - 2 - 2). Let c = 29 - s. Is c a prime number?
True
Let o(s) = 50*s. Let k be o(2). Suppose d - 6*d - 4*f = -100, -k = -5*d - 5*f. Is 30/d - 823/(-2) a prime number?
False
Suppose -v - 2*n + 58 - 6 = 0, 4*n = 4*v - 184. Suppose 0 = 3*w - 7*w - v. Is (-428)/w - (-4)/(-6) composite?
True
Suppose -2*j + 2772 = -4*x - 4364, -17780 = -5*j - 2*x. Is -2*j/(-4) + 0 + -2 composite?
False
Let g(h) = 771*h**2 + 10*h + 77. Is g(-4) a composite number?
False
Let b(p) = 47*p**2 - p + 3. Let r be b(-3). Suppose 0 = i + 2*i - r. Let v = -52 + i. Is v a composite number?
True
Suppose 11 = -5*v + 1. Is (1/(-5) - (-15948)/15) + v a composite number?
False
Suppose 3*x = 3*a + 2619, -x - 4*x + a = -4361. Let d = 1863 - x. Is d prime?
True
Let t = 17 + -11. Suppose -2*j = -t*j + 52. Let w = j - 6. Is w composite?
False
Let m(w) = -402*w**3 + 5*w**2 + 6*w - 3. Is m(-2) composite?
False
Let m(y) = -y**3 + 35*y**2 - 7*y + 14. Is m(15) a composite number?
False
Let d = 9 + -8. Let k be (20/(-4))/(d - 2). Suppose 0 = k*c - 150 - 115. Is c a composite number?
False
Suppose -24 = -4*u - t - t, 5*t - 20 = -2*u. Suppose 0 = u*r - 2*r + 6, 2*w + 3*r = 2772. Is w a composite number?
True
Suppose -4*z + 33 = 5*q, 2*q = 7*z - 2*z. Let x be ((-1)/z)/((-2)/1908). Suppose -x = -3*s - 2*w - w, -s - 3*w = -163. Is s composite?
False
Let u be 5 - (-15106 + -2 + 4). Suppose j - 3027 = 5*n, j + n - u = -4*j. Is j a prime number?
False
Let o be 2*(2/(-4))/((-3)/9). Suppose 5086 - 541 = o*n - 3*b, 5*n = 4*b + 7571. Is n a prime number?
True
Let k = -2476 - -4165. Is k prime?
False
Let z(r) = -r**2 - 7*r - 2. Let b be z(-6). Suppose 5*s + 0*s - 1019 = n, -3*s - b*n + 593 = 0. Let x = -100 + s. Is x composite?
False
Let p be (-138)/(-4) + 15/(-10). Let b = 227 - p. Is b a composite number?
True
Let z(j) = 381*j**2 - 24*j - 1. Is z(-2) a prime number?
True
Suppose 0*f - 2*f + 4 = 0, 5*f + 50 = -5*p. Let b(z) = -2*z - 18. Let n be b(p). Suppose n*t = -0*t + 258. Is t composite?
False
Let q be -1 + 427 + 3 + 0 + 2. Let y = q + 26. Is y a composite number?
False
Let k(g) = 4*g**3 - 4*g**2 + 16*g - 3. Is k(9) a prime number?
False
Suppose 90*b - 97*b = -64673. Is b prime?
True
Suppose 624 = -2*y - 106. Let i = 722 + y. Suppose 5*b - i = -3*m - 0*m, 0 = -3*b + 4*m + 191. Is b a composite number?
True
Let y = 33381 - 7016. Is y composite?
True
Suppose 5*x + 185 = u, 0*u + 3*x = -u + 145. Suppose 2*z - 75 = z. Let t = u - z. Is t prime?
False
Suppose -o + 708810 = 4*o + 5*b, -3 = -3*b. Is o prime?
True
Let q = -2 - 0. Let r = q - -4. Is r/(-5) - (-3171)/15 prime?
True
Let k(j) = 3*j - 21. Let l be k(12). Is 2/((-12)/(-26))*l prime?
False
Let k(l) = -l**3 + 3*l**2 - 3*l - 18. Let z be k(-8). Let c = -898 - -405. Let r = z + c. Is r a prime number?
False
Let j be (-6)/14 + (-18)/(-42). Suppose l - 5 = -j. Suppose v + 76 = l*v. Is v a prime number?
True
Suppose -4*j + 2*n - 5 = n, -25 = -j - 5*n. Let y(i) = -2 + j*i**3 - i + 5 + i**3 + 4*i**2. Is y(-4) a composite number?
False
Suppose -4*k + 10104 = -18868. Is k a composite number?
False
Let d be 25/2 - 25/10. Is ((-332)/6)/(d/(-15)) a prime number?
True
Let o = 11866 - 6155. Is o a prime number?
True
Let z(q) = 17*q**3 - 10*q**2 - 3*q - 19. Let f be z(9). Is (-2)/(-11) + f/11 a composite number?
False
Let w(q) = 54*q**2 - 3*q + 5. Suppose 2*p - 20 = -4*o, 3*p - 3*o + 33 = 6*p. Let m = -10 + p. Is w(m) composite?
True
Suppose 1474 + 442 = -4*a. Let c = -30 - a. Is c composite?
False
Suppose 4*m + 3*z - 6232 = 0, 4*m - 6224 = -z - 4*z. Is m composite?
True
Let j(o) = -5*o**3 + 5*o - 5. Let s be j(4). Let x = s + 2494. Is x composite?
True
Let k(l) = -l**3 - 4*l**2 - 2*l + 1. Let o be k(-3). Is (o - 0 - -1263) + 22/(-11) a prime number?
True
Let t(m) = 40*m**3 - 12*m**2 + 23. Is t(8) composite?
True
Let g(v) = 24*v**2 + 10*v + 21. Let h be g(-9). Is (1 + h/(-6))*-2 a composite number?
True
Suppose 5*w - 3 = -y + 14, 3*w - 15 = y. Let v = w + 2. Suppose 0 = -v*s + 66 + 1200. Is s composite?
False
Let v = 50 - -219. Suppose -d + 5*d = 3*j + 322, 4*d = 5*j + 534. Let c = v + j. Is c composite?
False
Suppose 10*a - 15 = 5*a, 3*a = o + 5. Suppose 1599 + 9653 = o*n. Is n a prime number?
False
Let r = 643 + 647. Suppose 2*c - r = -c. Suppose 2*i + c = 7*i. Is i a composite number?
True
Let z be (2 - 5)/(5 + (-1 - 3)). Is 141 + (1*(-1 - z) - 2) composite?
True
Is 8088 + -8 + 1 + 2 + -4 a prime num